 + 25 = 0. Let a = -9 - w. Suppose -o = -0*o - a. Is o a multiple of 12?
False
Let g = -137 - -233. Does 16 divide g?
True
Let f(a) = a**3 + 4*a**2 - a + 4. Let w(o) be the third derivative of o**6/120 - o**5/20 - 5*o**4/24 - o**2. Let b be w(4). Is 8 a factor of f(b)?
True
Suppose t + 230 = 2*s, -3*s + 4*s - 3*t - 105 = 0. Is s a multiple of 25?
False
Let u(p) = 3*p**2 - 2*p - 4. Suppose 0 = -3*q - 6, 3*q + 2 = -f - 1. Is 5 a factor of u(f)?
False
Let t = -2 - 0. Let o be 48/4*t/3. Is (7/(-2))/(2/o) a multiple of 7?
True
Let x be (16 - (-3 + 1))*-1. Let q be -22*(2 - x/(-4)). Suppose 5*b = -4*o + q, 50 = 2*b + 3*b + 3*o. Does 2 divide b?
False
Let p(i) = i**2 + 4*i - 3. Let v be p(-6). Suppose 0 = g, -4*g + v*g = -5*t + 240. Suppose 2*f = -d - d + 34, 0 = -2*d + 5*f + t. Is d a multiple of 7?
False
Does 2 divide (-10)/(3/3*-2)?
False
Let i(y) = 2*y**2 + 5*y + 2. Let z be (-6)/(4 - (-2)/(-1)). Let x be i(z). Suppose 3*q - 28 = -4*o - 0*q, x*q = -2*o + 28. Is 3 a factor of o?
False
Is 10 a factor of 3/(-2)*(-322)/7?
False
Suppose 601 = 5*t + 2*c, -3*t + 3*c = t - 467. Suppose -5*r - 5*i = -2*i - t, 2*r - 2*i = 38. Is 11 a factor of r?
True
Let w(o) be the third derivative of -o**4/8 - 5*o**3/6 - o**2. Does 22 divide w(-9)?
True
Let g be -3*4/4*-1. Suppose -4 = k, -b - 4*k = -g - 17. Does 18 divide b?
True
Let t = 10 + 0. Let s = t - -7. Is s a multiple of 6?
False
Let i = 92 - 38. Suppose 0 = -6*n + 5*n + i. Does 18 divide n?
True
Let x be 352/20 - (-2)/5. Is 86/x + (-4)/(-18) even?
False
Suppose 1088 = -17*i + 21*i. Is i a multiple of 17?
True
Suppose 9 = -3*z - 72. Let j = -5 - z. Is 11 a factor of j?
True
Suppose 3*g - 8*g = -3*k - 50, 3*g + k = 44. Does 6 divide g?
False
Let x(i) = i. Let n be x(2). Suppose -n*a = -3*a + 9. Is 6 a factor of a?
False
Suppose 0 = -o + 4*k + 12 + 68, -5*o + 3*k = -485. Does 20 divide o?
True
Let f(v) = -v**2 + 2. Let z be 1 - 2 - (-12)/4. Let l be f(z). Is 14 a factor of -1 - 32*l/2?
False
Does 8 divide (-11)/(-18)*33 - 3/18?
False
Suppose 207 = 2*t - 27. Is 13 a factor of t?
True
Let z = 73 - -34. Is z a multiple of 30?
False
Suppose -g - 2*v = 3*v + 30, 3*g + 5*v + 40 = 0. Let u(b) = -b**2 - 4*b + 7. Let a be u(g). Suppose 0*k = -a*k + 14. Is k a multiple of 7?
True
Let r(a) = -a**3 - 4*a**2 + 7*a - 6. Is r(-6) even?
True
Let w be -1 + 4*2 + -1. Suppose 0 = -w*a + 2*a + 16. Suppose -2*g - 8 = -4*n, -3*n + 0*g + 17 = a*g. Is n a multiple of 3?
True
Suppose 8*j - 3*j + 5*o - 35 = 0, 3*o = 2*j + 11. Let w be (-2 - 0) + (j - 1). Is 17 a factor of 17 - w - (-3 + 4)?
True
Let f be (-2)/7 - (-23)/7. Suppose -2*w - f = -5. Does 14 divide -5*(48/(-10))/w?
False
Suppose -3*f = -3*x + 141, 3*f = 4*x + x - 237. Is 16 a factor of x?
True
Let v(k) = -k**2 + 11*k + 7. Is v(8) a multiple of 8?
False
Suppose 0 = -0*s - 2*s - 2*t + 50, -2*t + 96 = 4*s. Suppose -67 = -3*g + s. Does 10 divide g?
True
Let j(w) = -w**2 + 21*w + 8. Does 23 divide j(7)?
False
Let l = -97 - -133. Does 9 divide l?
True
Let m be (-1 + 3)*1/2. Let d be (27/(-15) - m)*-15. Is 13 a factor of (d/8)/((-3)/(-16))?
False
Let o be (5/(-3))/(2/(-30)). Suppose 3*n = -n - 3*l + o, 2*n + 7 = 5*l. Is 2 a factor of n?
True
Let v be 5/2*2*1. Suppose -5*u + 120 = 5*g, -v*u + 0*g + 132 = -g. Suppose 0*q + u = q. Is 16 a factor of q?
False
Suppose 44*h = 43*h + 2. Is 2 a factor of h?
True
Does 3 divide 42 - 2 - (-4 - -6)?
False
Let t(p) = -p**2 + 12*p - 24. Is 3 a factor of t(7)?
False
Suppose h = -0*h + 43. Let f = h - 29. Suppose -f - 26 = -4*t. Is 10 a factor of t?
True
Suppose -11*i + 211 = -10*i. Is 36 a factor of i?
False
Let o(k) = 8*k**2 + 4*k - 4. Let m be o(3). Is m/14 - (-2)/7 a multiple of 3?
True
Let o(i) = 4*i**2 + 8*i - 26. Is 7 a factor of o(-6)?
True
Suppose -13 = -3*r + 11. Does 29 divide (60/r)/(2/20)?
False
Let b(p) = -4*p**3 - 6 + 7*p**2 + 3*p**3 + 6*p - 2 + 3. Does 17 divide b(4)?
False
Let n(z) = -z**2 + 8*z - 5. Let u be n(7). Suppose -1 = -u*v + 27. Is v a multiple of 7?
True
Let u(i) = -6*i + 8. Is 25 a factor of u(-7)?
True
Let g = -50 - -33. Let o(l) = l**3 + 16*l**2 - 18*l. Is o(g) a multiple of 5?
False
Suppose 0 = 3*o - 5*h - 11, -7*h - 13 = -4*o - 2*h. Is (2 + 0)*7/o a multiple of 7?
True
Suppose -68 = -4*h + 176. Is 8 a factor of h?
False
Let z = -2 + 10. Suppose -2 = g - z. Does 2 divide g?
True
Suppose 3*i - 4*i = 0. Let v(j) = j**2 - 4. Let l be v(i). Let a = l + 6. Is a a multiple of 2?
True
Let u = -36 + 82. Is u a multiple of 5?
False
Let x(d) = d + 14. Let b(r) = 2*r - 16. Let g be b(13). Is 12 a factor of x(g)?
True
Let t(a) = 3*a + 1. Is 7 a factor of t(9)?
True
Let s(a) be the first derivative of 2*a**3/3 - 7*a**2/2 - 5*a + 4. Is s(6) a multiple of 9?
False
Suppose -4 = -2*y - 0. Suppose -2*l - 18 = -y*t, 0 = l - 0*l. Does 3 divide t?
True
Let w be (-4)/(-14) - (-18)/(-63). Suppose 2*y - 2*i = 10, 29 = 5*y - w*i - 3*i. Is 5 a factor of y?
False
Suppose 4*f + 3 = 5*f. Let p(s) = -f*s + 7*s**2 + s + 4*s - 2 + 0*s**2. Is p(-2) a multiple of 11?
True
Let h(t) = t**3 - 6*t**2 + 7*t + 3. Let g be h(6). Suppose -2*v - 5*r = -133 + 44, v - g = -3*r. Is v a multiple of 21?
True
Let m = -4 - -41. Let b = m - -14. Is b a multiple of 17?
True
Suppose b = 66 - 15. Is 17 a factor of b?
True
Let b(g) = -g**2 + 6*g + 7. Let h(p) = -2*p**2 + 12*p + 15. Let a(m) = 9*b(m) - 4*h(m). Let f be a(5). Is (f - 2)/(1/1) a multiple of 6?
True
Suppose 10*m - 293 - 157 = 0. Is m a multiple of 6?
False
Let v be 1/4*(1 - -3). Is v*(6*4 - 2) a multiple of 11?
True
Suppose -5*u - 4*s = -3*u + 4, 3*u = s + 15. Does 10 divide u/(-10) + (-204)/(-10)?
True
Let b(s) = s. Let u be b(0). Suppose -3*g + 0 - 6 = u. Is (2 - (-1 - g))*10 a multiple of 10?
True
Let r(a) = -10*a + 2 + 5*a + 4*a. Does 2 divide r(-2)?
True
Suppose 0 = -18*k + 20*k - 58. Is k a multiple of 4?
False
Let m(b) = -74*b**3 - 2*b**2 - 2*b - 2. Let q(d) = -370*d**3 - 11*d**2 - 11*d - 11. Let s(w) = 11*m(w) - 2*q(w). Is 28 a factor of s(-1)?
False
Let k(f) = f**3 + 5*f**2 - 2*f - 7. Let c be -3 + 4 + -6*1. Let l be k(c). Suppose 0 = 6*q - l*q - 90. Does 13 divide q?
False
Suppose -4*r + 3*r = -3*f, -15 = -5*r. Suppose -2*d = f + 5, -2*q + 2*d = 92. Let k = 87 + q. Does 19 divide k?
True
Let u(t) = -3*t + 0*t - 6 + 4*t. Let j be u(8). Is 12 a factor of 48/j*(0 - -1)?
True
Let p = -548 - -792. Suppose -3*k + 4*a = -361, 0 = -2*k - 0*a + a + p. Is k a multiple of 32?
False
Let i = 16 + -15. Let t = -2 + -2. Does 7 divide i - 3*t - 2?
False
Suppose -3*d + 4*i - 8 = -2*d, 5*i - 21 = 4*d. Let o(b) = -b**3 + b**2 + 6*b + 6. Let q be o(d). Suppose 4*x + x - 3*f = q, x - 5*f = 8. Is x a multiple of 9?
False
Let v(w) = 6*w + 1. Let t(z) = 13*z + 1. Let q(x) = 53*x + 3. Let f(o) = -2*q(o) + 9*t(o). Let k(m) = -4*f(m) + 7*v(m). Is k(-11) a multiple of 8?
False
Let d(y) be the first derivative of 0*y - 2 + 13/2*y**2. Does 13 divide d(1)?
True
Let h be (0 - -2) + -4 - 1. Is -1 - ((-279)/(-3))/h a multiple of 10?
True
Let o(w) = w**2 - 1. Let g(h) = 6*h**2 + 6*h - 3. Let u(a) = g(a) - 5*o(a). Let x = 0 + -8. Is 18 a factor of u(x)?
True
Let t = -48 + 30. Let i = -13 - t. Is i a multiple of 5?
True
Suppose 2*g + 3 = -q, 4*q + 5*g + 3 = -0*q. Suppose 0 = -z - n + 41, q*n - 108 = -5*z + 107. Is z a multiple of 19?
False
Let j = 52 - 11. Suppose 10 = -t - 2*z + j, 0 = -5*t - z + 155. Is t a multiple of 21?
False
Let u = -35 + 161. Is u a multiple of 18?
True
Suppose -l + 1 + 1 = 0. Suppose -l*s - 5*u + 0*u + 10 = 0, 42 = 4*s - u. Is 10 a factor of s?
True
Suppose -5 = 5*r + 2*f - 0*f, -r - 24 = 5*f. Let h be r/(2*3/(-330)). Let v = h + 78. Is 12 a factor of v?
False
Let w(a) = -a - 1. Let y be w(-3). Suppose y*t = t + 2. Suppose -t*i = 14 - 76. Does 13 divide i?
False
Does 15 divide 36/9*(-210)/(-8)?
True
Let h be 0/(2 - (-4)/(-1)). Suppose -4*r - 2*a + 12 = h, -3*r = -0*r - a - 14. Suppose -4*y + 17 = -y + r*v, 2*y + 4 = 5*v. Is 3 a factor of y?
True
Let u(f) = 12*f**2 + 7*f - 59. Does 42 divide u(6)?
False
Let k(h) = -h**2 - 9*h + 10. Suppose 5*t + 5*i + 40 + 20 = 0, -50 = 4*t + 5*i. Let b be k(t). Let w = 15 - b. Does 13 divide w?
False
Let l = -17 + 30. Is l a multiple of 13?
True
Let a = -99 + 169. Is (144/14)/(15/a) a multiple of 23?
False
Let j be (18/2)/((-2)/4). Is (0 + j/4)*-10 a multiple of 21?
False
L